{"id":88,"date":"2012-04-28T17:45:13","date_gmt":"2012-04-28T17:45:13","guid":{"rendered":"http:\/\/lmg-nevroplasticienne.com\/?page_id=88"},"modified":"2013-11-19T11:33:19","modified_gmt":"2013-11-19T11:33:19","slug":"sculptures","status":"publish","type":"page","link":"https:\/\/lmg-nevroplasticienne.com\/?page_id=88","title":{"rendered":"Les Filantropies"},"content":{"rendered":"<div align=\"justify\"><a href=\"https:\/\/lmg-nevroplasticienne.com\/?attachment_id=547\" rel=\"attachment wp-att-547\"><img loading=\"lazy\" decoding=\"async\" class=\"alignleft  wp-image-547\" title=\"LMG h\u00e9misph\u00e8re\" src=\"https:\/\/lmg-nevroplasticienne.com\/wp-content\/uploads\/2012\/04\/GlobeLita-Bonus.jpg\" alt=\"\" width=\"400\" height=\"400\" \/><\/a>En 2011, afin de d\u00e9signer un nouvel axe de son travail, LMG invente le n\u00e9ologisme<em> filantropie<\/em>, en associant les termes \u00abfil\u00bb et \u00abphilanthropie\u00bb. Si la philanthropie s\u2019oppose \u00e0 la misanthropie, la <em>filantropie<\/em>, elle, correspond \u00e0 la volont\u00e9 de questionner le temps \u00e0 partir d\u2019un jeu d\u2019entrelacs nouant des fils, des cheveux, des aiguilles et des bestioles chim\u00e9riques.\u00a0Les <em>Filantropies<\/em> sont des curiosit\u00e9s qui ressemblent tout \u00e0 la fois \u00e0 des cr\u00e2nes, des poup\u00e9es d&rsquo;envoutement ou des coussins porte-aiguilles de couturi\u00e8re. Pr\u00e9sent\u00e9s sous cloches ou vitrines, ces <em>memento-mori<\/em> \u00e9voquent un travail artistique \u00e0 la fois compulsif et pr\u00e9cis, o\u00f9 l&rsquo;enroulement r\u00e9p\u00e9titif du fil s&rsquo;assimile \u00e0 l&rsquo;all\u00e9gorie du temps qui passe. Obs\u00e9d\u00e9e par la mort et les effets du passage du temps sur les \u00eatres vivants, LMG consid\u00e8re ces <em>Filantropies <\/em>comme des reliques fig\u00e9es dans un interstice interm\u00e9diaire: \u00e9labor\u00e9es avec patience et minutie elles constituent un recoin \u00e9trange sous verre, entre l&rsquo;inerte et le vivant.<\/div>\n<div align=\"justify\"><\/div>\n<div align=\"justify\"><\/div>\n<div align=\"justify\"><\/div>\n<div align=\"justify\"><\/div>\n<div align=\"justify\"><\/div>\n<div align=\"justify\"><\/div>\n<div align=\"justify\"><\/div>\n<div align=\"justify\"><\/div>\n<div align=\"justify\"><\/div>\n<div align=\"justify\"><\/div>\n<div align=\"justify\"><\/div>\n<div class=\"category-thumbnail-list\">\n<div class=\"category-thumbnail-list-item\"><a href=\"https:\/\/lmg-nevroplasticienne.com\/?p=5274\" title=\"Filantropie n\u00b025\"><img loading=\"lazy\" decoding=\"async\" width=\"110\" height=\"150\" src=\"https:\/\/lmg-nevroplasticienne.com\/wp-content\/uploads\/2014\/03\/filantropie-25.11-110x150.jpg\" class=\"attachment-thumbnail size-thumbnail wp-post-image\" alt=\"\" srcset=\"https:\/\/lmg-nevroplasticienne.com\/wp-content\/uploads\/2014\/03\/filantropie-25.11-110x150.jpg 110w, https:\/\/lmg-nevroplasticienne.com\/wp-content\/uploads\/2014\/03\/filantropie-25.11-220x300.jpg 220w, https:\/\/lmg-nevroplasticienne.com\/wp-content\/uploads\/2014\/03\/filantropie-25.11.jpg 425w\" sizes=\"auto, (max-width: 110px) 100vw, 110px\" \/>Filantropie n\u00b025<\/a><\/div>\n<div class=\"category-thumbnail-list-item\"><a href=\"https:\/\/lmg-nevroplasticienne.com\/?p=3719\" title=\"Filantropie n\u00b024\"><img loading=\"lazy\" decoding=\"async\" width=\"108\" height=\"150\" src=\"https:\/\/lmg-nevroplasticienne.com\/wp-content\/uploads\/2013\/06\/24-108x150.jpg\" class=\"attachment-thumbnail size-thumbnail wp-post-image\" alt=\"\" srcset=\"https:\/\/lmg-nevroplasticienne.com\/wp-content\/uploads\/2013\/06\/24-108x150.jpg 108w, https:\/\/lmg-nevroplasticienne.com\/wp-content\/uploads\/2013\/06\/24-217x300.jpg 217w, https:\/\/lmg-nevroplasticienne.com\/wp-content\/uploads\/2013\/06\/24.jpg 425w\" sizes=\"auto, (max-width: 108px) 100vw, 108px\" \/>Filantropie n\u00b024<\/a><\/div>\n<div class=\"category-thumbnail-list-item\"><a href=\"https:\/\/lmg-nevroplasticienne.com\/?p=3312\" title=\"Filantropie n\u00b023\"><img loading=\"lazy\" decoding=\"async\" width=\"93\" height=\"150\" src=\"https:\/\/lmg-nevroplasticienne.com\/wp-content\/uploads\/2013\/02\/Filantropie-23-93x150.jpg\" class=\"attachment-thumbnail size-thumbnail wp-post-image\" alt=\"\" srcset=\"https:\/\/lmg-nevroplasticienne.com\/wp-content\/uploads\/2013\/02\/Filantropie-23-93x150.jpg 93w, https:\/\/lmg-nevroplasticienne.com\/wp-content\/uploads\/2013\/02\/Filantropie-23-186x300.jpg 186w, https:\/\/lmg-nevroplasticienne.com\/wp-content\/uploads\/2013\/02\/Filantropie-23.jpg 425w\" sizes=\"auto, (max-width: 93px) 100vw, 93px\" \/>Filantropie n\u00b023<\/a><\/div>\n<div class=\"category-thumbnail-list-item\"><a href=\"https:\/\/lmg-nevroplasticienne.com\/?p=3189\" title=\"Filantropie n\u00b022\"><img loading=\"lazy\" decoding=\"async\" width=\"91\" height=\"150\" src=\"https:\/\/lmg-nevroplasticienne.com\/wp-content\/uploads\/2013\/01\/LMG-Filantropie-22.1-91x150.jpg\" class=\"attachment-thumbnail size-thumbnail wp-post-image\" alt=\"\" srcset=\"https:\/\/lmg-nevroplasticienne.com\/wp-content\/uploads\/2013\/01\/LMG-Filantropie-22.1-91x150.jpg 91w, https:\/\/lmg-nevroplasticienne.com\/wp-content\/uploads\/2013\/01\/LMG-Filantropie-22.1-183x300.jpg 183w, https:\/\/lmg-nevroplasticienne.com\/wp-content\/uploads\/2013\/01\/LMG-Filantropie-22.1.jpg 425w\" sizes=\"auto, (max-width: 91px) 100vw, 91px\" \/>Filantropie n\u00b022<\/a><\/div>\n<div class=\"category-thumbnail-list-item\"><a href=\"https:\/\/lmg-nevroplasticienne.com\/?p=2919\" title=\"Filantropie n\u00b021\"><img loading=\"lazy\" decoding=\"async\" width=\"110\" height=\"150\" src=\"https:\/\/lmg-nevroplasticienne.com\/wp-content\/uploads\/2012\/10\/LMG-Filantropie-21-110x150.jpg\" class=\"attachment-thumbnail size-thumbnail wp-post-image\" alt=\"\" srcset=\"https:\/\/lmg-nevroplasticienne.com\/wp-content\/uploads\/2012\/10\/LMG-Filantropie-21-110x150.jpg 110w, https:\/\/lmg-nevroplasticienne.com\/wp-content\/uploads\/2012\/10\/LMG-Filantropie-21-220x300.jpg 220w, https:\/\/lmg-nevroplasticienne.com\/wp-content\/uploads\/2012\/10\/LMG-Filantropie-21.jpg 425w\" sizes=\"auto, (max-width: 110px) 100vw, 110px\" \/>Filantropie n\u00b021<\/a><\/div>\n<div class=\"category-thumbnail-list-item\"><a href=\"https:\/\/lmg-nevroplasticienne.com\/?p=2912\" title=\"Filantropie n\u00b020\"><img loading=\"lazy\" decoding=\"async\" width=\"123\" height=\"150\" src=\"https:\/\/lmg-nevroplasticienne.com\/wp-content\/uploads\/2012\/10\/LMG-Filantropie-20-123x150.jpg\" class=\"attachment-thumbnail size-thumbnail wp-post-image\" alt=\"\" srcset=\"https:\/\/lmg-nevroplasticienne.com\/wp-content\/uploads\/2012\/10\/LMG-Filantropie-20-123x150.jpg 123w, https:\/\/lmg-nevroplasticienne.com\/wp-content\/uploads\/2012\/10\/LMG-Filantropie-20-246x300.jpg 246w, https:\/\/lmg-nevroplasticienne.com\/wp-content\/uploads\/2012\/10\/LMG-Filantropie-20.jpg 425w\" sizes=\"auto, (max-width: 123px) 100vw, 123px\" \/>Filantropie n\u00b020<\/a><\/div>\n<div class=\"category-thumbnail-list-item\"><a href=\"https:\/\/lmg-nevroplasticienne.com\/?p=2872\" title=\"Filantropie n\u00b019\"><img loading=\"lazy\" decoding=\"async\" width=\"109\" height=\"150\" src=\"https:\/\/lmg-nevroplasticienne.com\/wp-content\/uploads\/2012\/10\/LMG-Filantropie-19-109x150.jpg\" class=\"attachment-thumbnail size-thumbnail wp-post-image\" alt=\"\" srcset=\"https:\/\/lmg-nevroplasticienne.com\/wp-content\/uploads\/2012\/10\/LMG-Filantropie-19-109x150.jpg 109w, https:\/\/lmg-nevroplasticienne.com\/wp-content\/uploads\/2012\/10\/LMG-Filantropie-19-218x300.jpg 218w, https:\/\/lmg-nevroplasticienne.com\/wp-content\/uploads\/2012\/10\/LMG-Filantropie-19.jpg 425w\" sizes=\"auto, (max-width: 109px) 100vw, 109px\" \/>Filantropie n\u00b019<\/a><\/div>\n<div class=\"category-thumbnail-list-item\"><a href=\"https:\/\/lmg-nevroplasticienne.com\/?p=2867\" title=\"Filantropie n\u00b018\"><img loading=\"lazy\" decoding=\"async\" width=\"108\" height=\"150\" src=\"https:\/\/lmg-nevroplasticienne.com\/wp-content\/uploads\/2012\/10\/LMG-Filantropie-18-108x150.jpg\" class=\"attachment-thumbnail size-thumbnail wp-post-image\" alt=\"\" srcset=\"https:\/\/lmg-nevroplasticienne.com\/wp-content\/uploads\/2012\/10\/LMG-Filantropie-18-108x150.jpg 108w, https:\/\/lmg-nevroplasticienne.com\/wp-content\/uploads\/2012\/10\/LMG-Filantropie-18-216x300.jpg 216w, https:\/\/lmg-nevroplasticienne.com\/wp-content\/uploads\/2012\/10\/LMG-Filantropie-18.jpg 425w\" sizes=\"auto, (max-width: 108px) 100vw, 108px\" \/>Filantropie n\u00b018<\/a><\/div>\n<div class=\"category-thumbnail-list-item\"><a href=\"https:\/\/lmg-nevroplasticienne.com\/?p=2862\" title=\"Filantropie n\u00b017\"><img loading=\"lazy\" decoding=\"async\" width=\"108\" height=\"150\" src=\"https:\/\/lmg-nevroplasticienne.com\/wp-content\/uploads\/2012\/10\/LMg-Filantropie-16-108x150.jpg\" class=\"attachment-thumbnail size-thumbnail wp-post-image\" alt=\"\" srcset=\"https:\/\/lmg-nevroplasticienne.com\/wp-content\/uploads\/2012\/10\/LMg-Filantropie-16-108x150.jpg 108w, https:\/\/lmg-nevroplasticienne.com\/wp-content\/uploads\/2012\/10\/LMg-Filantropie-16-216x300.jpg 216w, https:\/\/lmg-nevroplasticienne.com\/wp-content\/uploads\/2012\/10\/LMg-Filantropie-16.jpg 425w\" sizes=\"auto, (max-width: 108px) 100vw, 108px\" \/>Filantropie n\u00b017<\/a><\/div>\n<div class=\"category-thumbnail-list-item\"><a href=\"https:\/\/lmg-nevroplasticienne.com\/?p=414\" title=\"Filantropie n\u00b016\"><img loading=\"lazy\" decoding=\"async\" width=\"97\" height=\"150\" src=\"https:\/\/lmg-nevroplasticienne.com\/wp-content\/uploads\/2012\/05\/LMG-Filantropie-15-97x150.jpg\" class=\"attachment-thumbnail size-thumbnail wp-post-image\" alt=\"\" srcset=\"https:\/\/lmg-nevroplasticienne.com\/wp-content\/uploads\/2012\/05\/LMG-Filantropie-15-97x150.jpg 97w, https:\/\/lmg-nevroplasticienne.com\/wp-content\/uploads\/2012\/05\/LMG-Filantropie-15-195x300.jpg 195w, https:\/\/lmg-nevroplasticienne.com\/wp-content\/uploads\/2012\/05\/LMG-Filantropie-15.jpg 425w\" sizes=\"auto, (max-width: 97px) 100vw, 97px\" \/>Filantropie n\u00b016<\/a><\/div>\n<div class=\"category-thumbnail-list-item\"><a href=\"https:\/\/lmg-nevroplasticienne.com\/?p=411\" title=\"Filantropie n\u00b015\"><img loading=\"lazy\" decoding=\"async\" width=\"108\" height=\"150\" src=\"https:\/\/lmg-nevroplasticienne.com\/wp-content\/uploads\/2012\/05\/LMg-Filantropie-15-108x150.jpg\" class=\"attachment-thumbnail size-thumbnail wp-post-image\" alt=\"\" srcset=\"https:\/\/lmg-nevroplasticienne.com\/wp-content\/uploads\/2012\/05\/LMg-Filantropie-15-108x150.jpg 108w, https:\/\/lmg-nevroplasticienne.com\/wp-content\/uploads\/2012\/05\/LMg-Filantropie-15-217x300.jpg 217w, https:\/\/lmg-nevroplasticienne.com\/wp-content\/uploads\/2012\/05\/LMg-Filantropie-15.jpg 425w\" sizes=\"auto, (max-width: 108px) 100vw, 108px\" \/>Filantropie n\u00b015<\/a><\/div>\n<div class=\"category-thumbnail-list-item\"><a href=\"https:\/\/lmg-nevroplasticienne.com\/?p=408\" title=\"Filantropie n\u00b014\"><img loading=\"lazy\" decoding=\"async\" width=\"97\" height=\"150\" src=\"https:\/\/lmg-nevroplasticienne.com\/wp-content\/uploads\/2012\/05\/LMG-Filantropie-141-97x150.jpg\" class=\"attachment-thumbnail size-thumbnail wp-post-image\" alt=\"\" srcset=\"https:\/\/lmg-nevroplasticienne.com\/wp-content\/uploads\/2012\/05\/LMG-Filantropie-141-97x150.jpg 97w, https:\/\/lmg-nevroplasticienne.com\/wp-content\/uploads\/2012\/05\/LMG-Filantropie-141-194x300.jpg 194w, https:\/\/lmg-nevroplasticienne.com\/wp-content\/uploads\/2012\/05\/LMG-Filantropie-141.jpg 425w\" sizes=\"auto, (max-width: 97px) 100vw, 97px\" \/>Filantropie n\u00b014<\/a><\/div>\n<div class=\"category-thumbnail-list-item\"><a href=\"https:\/\/lmg-nevroplasticienne.com\/?p=404\" title=\"Filantropie n\u00b013\"><img loading=\"lazy\" decoding=\"async\" width=\"108\" height=\"150\" src=\"https:\/\/lmg-nevroplasticienne.com\/wp-content\/uploads\/2012\/05\/LMG-Filantropie-13-108x150.jpg\" class=\"attachment-thumbnail size-thumbnail wp-post-image\" alt=\"\" srcset=\"https:\/\/lmg-nevroplasticienne.com\/wp-content\/uploads\/2012\/05\/LMG-Filantropie-13-108x150.jpg 108w, https:\/\/lmg-nevroplasticienne.com\/wp-content\/uploads\/2012\/05\/LMG-Filantropie-13-217x300.jpg 217w, https:\/\/lmg-nevroplasticienne.com\/wp-content\/uploads\/2012\/05\/LMG-Filantropie-13.jpg 425w\" sizes=\"auto, (max-width: 108px) 100vw, 108px\" \/>Filantropie n\u00b013<\/a><\/div>\n<div class=\"category-thumbnail-list-item\"><a href=\"https:\/\/lmg-nevroplasticienne.com\/?p=401\" title=\"Filantropie n\u00b012\"><img loading=\"lazy\" decoding=\"async\" width=\"108\" height=\"150\" src=\"https:\/\/lmg-nevroplasticienne.com\/wp-content\/uploads\/2012\/05\/LMG-Filantropie-12.1-108x150.jpg\" class=\"attachment-thumbnail size-thumbnail wp-post-image\" alt=\"\" srcset=\"https:\/\/lmg-nevroplasticienne.com\/wp-content\/uploads\/2012\/05\/LMG-Filantropie-12.1-108x150.jpg 108w, https:\/\/lmg-nevroplasticienne.com\/wp-content\/uploads\/2012\/05\/LMG-Filantropie-12.1-216x300.jpg 216w, https:\/\/lmg-nevroplasticienne.com\/wp-content\/uploads\/2012\/05\/LMG-Filantropie-12.1.jpg 425w\" sizes=\"auto, (max-width: 108px) 100vw, 108px\" \/>Filantropie n\u00b012<\/a><\/div>\n<div class=\"category-thumbnail-list-item\"><a href=\"https:\/\/lmg-nevroplasticienne.com\/?p=397\" title=\"Filantropie n\u00b011\"><img loading=\"lazy\" decoding=\"async\" width=\"99\" height=\"150\" src=\"https:\/\/lmg-nevroplasticienne.com\/wp-content\/uploads\/2012\/05\/GlobeLita-301-99x150.jpg\" class=\"attachment-thumbnail size-thumbnail wp-post-image\" alt=\"\" srcset=\"https:\/\/lmg-nevroplasticienne.com\/wp-content\/uploads\/2012\/05\/GlobeLita-301-99x150.jpg 99w, https:\/\/lmg-nevroplasticienne.com\/wp-content\/uploads\/2012\/05\/GlobeLita-301-199x300.jpg 199w, https:\/\/lmg-nevroplasticienne.com\/wp-content\/uploads\/2012\/05\/GlobeLita-301.jpg 500w\" sizes=\"auto, (max-width: 99px) 100vw, 99px\" \/>Filantropie n\u00b011<\/a><\/div>\n<div class=\"category-thumbnail-list-item\"><a href=\"https:\/\/lmg-nevroplasticienne.com\/?p=394\" title=\"Filantropie n\u00b010\"><img loading=\"lazy\" decoding=\"async\" width=\"95\" height=\"150\" src=\"https:\/\/lmg-nevroplasticienne.com\/wp-content\/uploads\/2012\/05\/GlobeLita-13-95x150.jpg\" class=\"attachment-thumbnail size-thumbnail wp-post-image\" alt=\"\" srcset=\"https:\/\/lmg-nevroplasticienne.com\/wp-content\/uploads\/2012\/05\/GlobeLita-13-95x150.jpg 95w, https:\/\/lmg-nevroplasticienne.com\/wp-content\/uploads\/2012\/05\/GlobeLita-13-191x300.jpg 191w, https:\/\/lmg-nevroplasticienne.com\/wp-content\/uploads\/2012\/05\/GlobeLita-13-652x1024.jpg 652w, https:\/\/lmg-nevroplasticienne.com\/wp-content\/uploads\/2012\/05\/GlobeLita-13.jpg 708w\" sizes=\"auto, (max-width: 95px) 100vw, 95px\" \/>Filantropie n\u00b010<\/a><\/div>\n<div class=\"category-thumbnail-list-item\"><a href=\"https:\/\/lmg-nevroplasticienne.com\/?p=391\" title=\"Filantropie n\u00b09\"><img loading=\"lazy\" decoding=\"async\" width=\"92\" height=\"150\" src=\"https:\/\/lmg-nevroplasticienne.com\/wp-content\/uploads\/2012\/05\/GlobeLita-14-92x150.jpg\" class=\"attachment-thumbnail size-thumbnail wp-post-image\" alt=\"\" srcset=\"https:\/\/lmg-nevroplasticienne.com\/wp-content\/uploads\/2012\/05\/GlobeLita-14-92x150.jpg 92w, https:\/\/lmg-nevroplasticienne.com\/wp-content\/uploads\/2012\/05\/GlobeLita-14-184x300.jpg 184w, https:\/\/lmg-nevroplasticienne.com\/wp-content\/uploads\/2012\/05\/GlobeLita-14.jpg 500w\" sizes=\"auto, (max-width: 92px) 100vw, 92px\" \/>Filantropie n\u00b09<\/a><\/div>\n<div class=\"category-thumbnail-list-item\"><a href=\"https:\/\/lmg-nevroplasticienne.com\/?p=388\" title=\"Filantropie n\u00b08\"><img loading=\"lazy\" decoding=\"async\" width=\"106\" height=\"150\" src=\"https:\/\/lmg-nevroplasticienne.com\/wp-content\/uploads\/2012\/05\/GlobeLita-222-106x150.jpg\" class=\"attachment-thumbnail size-thumbnail wp-post-image\" alt=\"\" srcset=\"https:\/\/lmg-nevroplasticienne.com\/wp-content\/uploads\/2012\/05\/GlobeLita-222-106x150.jpg 106w, https:\/\/lmg-nevroplasticienne.com\/wp-content\/uploads\/2012\/05\/GlobeLita-222-213x300.jpg 213w, https:\/\/lmg-nevroplasticienne.com\/wp-content\/uploads\/2012\/05\/GlobeLita-222.jpg 500w\" sizes=\"auto, (max-width: 106px) 100vw, 106px\" \/>Filantropie n\u00b08<\/a><\/div>\n<div class=\"category-thumbnail-list-item\"><a href=\"https:\/\/lmg-nevroplasticienne.com\/?p=385\" title=\"Filantropie n\u00b07\"><img loading=\"lazy\" decoding=\"async\" width=\"94\" height=\"150\" src=\"https:\/\/lmg-nevroplasticienne.com\/wp-content\/uploads\/2012\/05\/GlobeLita-71-94x150.jpg\" class=\"attachment-thumbnail size-thumbnail wp-post-image\" alt=\"\" srcset=\"https:\/\/lmg-nevroplasticienne.com\/wp-content\/uploads\/2012\/05\/GlobeLita-71-94x150.jpg 94w, https:\/\/lmg-nevroplasticienne.com\/wp-content\/uploads\/2012\/05\/GlobeLita-71-189x300.jpg 189w, https:\/\/lmg-nevroplasticienne.com\/wp-content\/uploads\/2012\/05\/GlobeLita-71.jpg 500w\" sizes=\"auto, (max-width: 94px) 100vw, 94px\" \/>Filantropie n\u00b07<\/a><\/div>\n<div class=\"category-thumbnail-list-item\"><a href=\"https:\/\/lmg-nevroplasticienne.com\/?p=382\" title=\"Filantropie n\u00b06\"><img loading=\"lazy\" decoding=\"async\" width=\"102\" height=\"150\" src=\"https:\/\/lmg-nevroplasticienne.com\/wp-content\/uploads\/2012\/05\/couverture1-102x150.jpg\" class=\"attachment-thumbnail size-thumbnail wp-post-image\" alt=\"\" srcset=\"https:\/\/lmg-nevroplasticienne.com\/wp-content\/uploads\/2012\/05\/couverture1-102x150.jpg 102w, https:\/\/lmg-nevroplasticienne.com\/wp-content\/uploads\/2012\/05\/couverture1-204x300.jpg 204w, https:\/\/lmg-nevroplasticienne.com\/wp-content\/uploads\/2012\/05\/couverture1.jpg 692w\" sizes=\"auto, (max-width: 102px) 100vw, 102px\" \/>Filantropie n\u00b06<\/a><\/div>\n<div class=\"category-thumbnail-list-item\"><a href=\"https:\/\/lmg-nevroplasticienne.com\/?p=379\" title=\"Filantropie n\u00b05\"><img loading=\"lazy\" decoding=\"async\" width=\"91\" height=\"150\" src=\"https:\/\/lmg-nevroplasticienne.com\/wp-content\/uploads\/2012\/05\/GlobeLita-4-91x150.jpg\" class=\"attachment-thumbnail size-thumbnail wp-post-image\" alt=\"\" srcset=\"https:\/\/lmg-nevroplasticienne.com\/wp-content\/uploads\/2012\/05\/GlobeLita-4-91x150.jpg 91w, https:\/\/lmg-nevroplasticienne.com\/wp-content\/uploads\/2012\/05\/GlobeLita-4-182x300.jpg 182w, https:\/\/lmg-nevroplasticienne.com\/wp-content\/uploads\/2012\/05\/GlobeLita-4.jpg 500w\" sizes=\"auto, (max-width: 91px) 100vw, 91px\" \/>Filantropie n\u00b05<\/a><\/div>\n<div class=\"category-thumbnail-list-item\"><a href=\"https:\/\/lmg-nevroplasticienne.com\/?p=376\" title=\"Filantropie n\u00b04\"><img loading=\"lazy\" decoding=\"async\" width=\"93\" height=\"150\" src=\"https:\/\/lmg-nevroplasticienne.com\/wp-content\/uploads\/2012\/05\/GlobeLita-251-93x150.jpg\" class=\"attachment-thumbnail size-thumbnail wp-post-image\" alt=\"\" srcset=\"https:\/\/lmg-nevroplasticienne.com\/wp-content\/uploads\/2012\/05\/GlobeLita-251-93x150.jpg 93w, https:\/\/lmg-nevroplasticienne.com\/wp-content\/uploads\/2012\/05\/GlobeLita-251-187x300.jpg 187w\" sizes=\"auto, (max-width: 93px) 100vw, 93px\" \/>Filantropie n\u00b04<\/a><\/div>\n<div class=\"category-thumbnail-list-item\"><a href=\"https:\/\/lmg-nevroplasticienne.com\/?p=373\" title=\"Filantropie n\u00b03\"><img loading=\"lazy\" decoding=\"async\" width=\"95\" height=\"150\" src=\"https:\/\/lmg-nevroplasticienne.com\/wp-content\/uploads\/2012\/05\/GlobeLita-101-95x150.jpg\" class=\"attachment-thumbnail size-thumbnail wp-post-image\" alt=\"\" srcset=\"https:\/\/lmg-nevroplasticienne.com\/wp-content\/uploads\/2012\/05\/GlobeLita-101-95x150.jpg 95w, https:\/\/lmg-nevroplasticienne.com\/wp-content\/uploads\/2012\/05\/GlobeLita-101-190x300.jpg 190w, https:\/\/lmg-nevroplasticienne.com\/wp-content\/uploads\/2012\/05\/GlobeLita-101-651x1024.jpg 651w, https:\/\/lmg-nevroplasticienne.com\/wp-content\/uploads\/2012\/05\/GlobeLita-101.jpg 954w\" sizes=\"auto, (max-width: 95px) 100vw, 95px\" \/>Filantropie n\u00b03<\/a><\/div>\n<div class=\"category-thumbnail-list-item\"><a href=\"https:\/\/lmg-nevroplasticienne.com\/?p=369\" title=\"Filantropie n\u00b02\"><img loading=\"lazy\" decoding=\"async\" width=\"94\" height=\"150\" src=\"https:\/\/lmg-nevroplasticienne.com\/wp-content\/uploads\/2012\/05\/GlobeLita-191-94x150.jpg\" class=\"attachment-thumbnail size-thumbnail wp-post-image\" alt=\"\" srcset=\"https:\/\/lmg-nevroplasticienne.com\/wp-content\/uploads\/2012\/05\/GlobeLita-191-94x150.jpg 94w, https:\/\/lmg-nevroplasticienne.com\/wp-content\/uploads\/2012\/05\/GlobeLita-191-189x300.jpg 189w, https:\/\/lmg-nevroplasticienne.com\/wp-content\/uploads\/2012\/05\/GlobeLita-191.jpg 500w\" sizes=\"auto, (max-width: 94px) 100vw, 94px\" \/>Filantropie n\u00b02<\/a><\/div>\n<div class=\"category-thumbnail-list-item\"><a href=\"https:\/\/lmg-nevroplasticienne.com\/?p=366\" title=\"Filantropie n\u00b01\"><img loading=\"lazy\" decoding=\"async\" width=\"80\" height=\"150\" src=\"https:\/\/lmg-nevroplasticienne.com\/wp-content\/uploads\/2012\/05\/GlobeLita-181-80x150.jpg\" class=\"attachment-thumbnail size-thumbnail wp-post-image\" alt=\"\" srcset=\"https:\/\/lmg-nevroplasticienne.com\/wp-content\/uploads\/2012\/05\/GlobeLita-181-80x150.jpg 80w, https:\/\/lmg-nevroplasticienne.com\/wp-content\/uploads\/2012\/05\/GlobeLita-181-161x300.jpg 161w, https:\/\/lmg-nevroplasticienne.com\/wp-content\/uploads\/2012\/05\/GlobeLita-181.jpg 392w\" sizes=\"auto, (max-width: 80px) 100vw, 80px\" \/>Filantropie n\u00b01<\/a><\/div>\n<\/div>\n<p>&nbsp;<\/p>\n<p>&nbsp;<\/p>\n<p>&nbsp;<\/p>\n<p>&nbsp;<\/p>\n<p>&nbsp;<\/p>\n<p>&nbsp;<\/p>\n","protected":false},"excerpt":{"rendered":"<p>En 2011, afin de d\u00e9signer un nouvel axe de son travail, LMG invente le n\u00e9ologisme filantropie, en associant les termes \u00abfil\u00bb et \u00abphilanthropie\u00bb. Si la philanthropie s\u2019oppose \u00e0 la misanthropie, la filantropie, elle, correspond \u00e0 la volont\u00e9 de questionner le &hellip; <a href=\"https:\/\/lmg-nevroplasticienne.com\/?page_id=88\">Continuer la lecture <span class=\"meta-nav\">&rarr;<\/span><\/a><\/p>\n","protected":false},"author":1,"featured_media":0,"parent":0,"menu_order":0,"comment_status":"closed","ping_status":"open","template":"","meta":{"footnotes":""},"class_list":["post-88","page","type-page","status-publish","hentry"],"_links":{"self":[{"href":"https:\/\/lmg-nevroplasticienne.com\/index.php?rest_route=\/wp\/v2\/pages\/88","targetHints":{"allow":["GET"]}}],"collection":[{"href":"https:\/\/lmg-nevroplasticienne.com\/index.php?rest_route=\/wp\/v2\/pages"}],"about":[{"href":"https:\/\/lmg-nevroplasticienne.com\/index.php?rest_route=\/wp\/v2\/types\/page"}],"author":[{"embeddable":true,"href":"https:\/\/lmg-nevroplasticienne.com\/index.php?rest_route=\/wp\/v2\/users\/1"}],"replies":[{"embeddable":true,"href":"https:\/\/lmg-nevroplasticienne.com\/index.php?rest_route=%2Fwp%2Fv2%2Fcomments&post=88"}],"version-history":[{"count":58,"href":"https:\/\/lmg-nevroplasticienne.com\/index.php?rest_route=\/wp\/v2\/pages\/88\/revisions"}],"predecessor-version":[{"id":4616,"href":"https:\/\/lmg-nevroplasticienne.com\/index.php?rest_route=\/wp\/v2\/pages\/88\/revisions\/4616"}],"wp:attachment":[{"href":"https:\/\/lmg-nevroplasticienne.com\/index.php?rest_route=%2Fwp%2Fv2%2Fmedia&parent=88"}],"curies":[{"name":"wp","href":"https:\/\/api.w.org\/{rel}","templated":true}]}}