{"id":5756,"date":"2015-03-02T15:48:16","date_gmt":"2015-03-02T15:48:16","guid":{"rendered":"http:\/\/lmg-nevroplasticienne.com\/?page_id=5756"},"modified":"2016-11-24T20:48:09","modified_gmt":"2016-11-24T20:48:09","slug":"united-dead-artists","status":"publish","type":"page","link":"https:\/\/lmg-nevroplasticienne.com\/?page_id=5756","title":{"rendered":"United Dead Artists"},"content":{"rendered":"<p style=\"text-align: justify;\"><a href=\"https:\/\/lmg-nevroplasticienne.com\/?attachment_id=5773\" rel=\"attachment wp-att-5773\"><img loading=\"lazy\" decoding=\"async\" class=\"alignleft size-full wp-image-5773\" title=\"UDA\" src=\"https:\/\/lmg-nevroplasticienne.com\/wp-content\/uploads\/2015\/03\/UDA.jpg\" alt=\"\" width=\"400\" height=\"400\" srcset=\"https:\/\/lmg-nevroplasticienne.com\/wp-content\/uploads\/2015\/03\/UDA.jpg 400w, https:\/\/lmg-nevroplasticienne.com\/wp-content\/uploads\/2015\/03\/UDA-150x150.jpg 150w, https:\/\/lmg-nevroplasticienne.com\/wp-content\/uploads\/2015\/03\/UDA-300x300.jpg 300w\" sizes=\"auto, (max-width: 400px) 100vw, 400px\" \/><\/a><\/p>\n<p style=\"text-align: justify;\">En mars 2015 LMG rejoint la maison d\u2019\u00e9dition United Dead Artists pilot\u00e9e d\u2019une main de ma\u00eetre par St\u00e9phane Blanquet.<\/p>\n<p style=\"text-align: justify;\">En attendant de d\u00e9couvrir cette d\u00e9licieuse collaboration, vous pouvez vous rincer l\u2019\u0153il (mais pas que) en consultant les superbes ouvrages UDA.<\/p>\n<p>Vous pouvez \u00e9galement commander la s\u00e9rie#10 <a href=\"http:\/\/www.uniteddeadartists.com\/site.php?type=P&amp;id=74\">DEAD PANINI <\/a>dans laquelle vous retrouverez une image d&rsquo;LMG<\/p>\n<p>&nbsp;<\/p>\n<p>&nbsp;<\/p>\n<p>&nbsp;<\/p>\n<p>&nbsp;<\/p>\n<p>&nbsp;<\/p>\n<p>&nbsp;<\/p>\n<p>&nbsp;<\/p>\n<div class=\"category-thumbnail-list\"><\/div>\n","protected":false},"excerpt":{"rendered":"<p>En mars 2015 LMG rejoint la maison d\u2019\u00e9dition United Dead Artists pilot\u00e9e d\u2019une main de ma\u00eetre par St\u00e9phane Blanquet. En attendant de d\u00e9couvrir cette d\u00e9licieuse collaboration, vous pouvez vous rincer l\u2019\u0153il (mais pas que) en consultant les superbes ouvrages UDA. &hellip; <a href=\"https:\/\/lmg-nevroplasticienne.com\/?page_id=5756\">Continuer la lecture <span class=\"meta-nav\">&rarr;<\/span><\/a><\/p>\n","protected":false},"author":1,"featured_media":0,"parent":0,"menu_order":0,"comment_status":"closed","ping_status":"open","template":"","meta":{"footnotes":""},"class_list":["post-5756","page","type-page","status-publish","hentry"],"_links":{"self":[{"href":"https:\/\/lmg-nevroplasticienne.com\/index.php?rest_route=\/wp\/v2\/pages\/5756","targetHints":{"allow":["GET"]}}],"collection":[{"href":"https:\/\/lmg-nevroplasticienne.com\/index.php?rest_route=\/wp\/v2\/pages"}],"about":[{"href":"https:\/\/lmg-nevroplasticienne.com\/index.php?rest_route=\/wp\/v2\/types\/page"}],"author":[{"embeddable":true,"href":"https:\/\/lmg-nevroplasticienne.com\/index.php?rest_route=\/wp\/v2\/users\/1"}],"replies":[{"embeddable":true,"href":"https:\/\/lmg-nevroplasticienne.com\/index.php?rest_route=%2Fwp%2Fv2%2Fcomments&post=5756"}],"version-history":[{"count":18,"href":"https:\/\/lmg-nevroplasticienne.com\/index.php?rest_route=\/wp\/v2\/pages\/5756\/revisions"}],"predecessor-version":[{"id":6630,"href":"https:\/\/lmg-nevroplasticienne.com\/index.php?rest_route=\/wp\/v2\/pages\/5756\/revisions\/6630"}],"wp:attachment":[{"href":"https:\/\/lmg-nevroplasticienne.com\/index.php?rest_route=%2Fwp%2Fv2%2Fmedia&parent=5756"}],"curies":[{"name":"wp","href":"https:\/\/api.w.org\/{rel}","templated":true}]}}