{"id":5673,"date":"2015-02-09T19:33:14","date_gmt":"2015-02-09T19:33:14","guid":{"rendered":"http:\/\/lmg-nevroplasticienne.com\/?page_id=5673"},"modified":"2015-02-09T20:11:41","modified_gmt":"2015-02-09T20:11:41","slug":"les-pendus","status":"publish","type":"page","link":"https:\/\/lmg-nevroplasticienne.com\/?page_id=5673","title":{"rendered":"Les Pendus"},"content":{"rendered":"<p style=\"text-align: justify;\"><a href=\"https:\/\/lmg-nevroplasticienne.com\/?attachment_id=5679\" rel=\"attachment wp-att-5679\"><img loading=\"lazy\" decoding=\"async\" class=\"alignleft size-full wp-image-5679\" title=\"LMG-Pendus\" src=\"https:\/\/lmg-nevroplasticienne.com\/wp-content\/uploads\/2015\/02\/LMG-Pendus.jpg\" alt=\"\" width=\"400\" height=\"400\" srcset=\"https:\/\/lmg-nevroplasticienne.com\/wp-content\/uploads\/2015\/02\/LMG-Pendus.jpg 400w, https:\/\/lmg-nevroplasticienne.com\/wp-content\/uploads\/2015\/02\/LMG-Pendus-150x150.jpg 150w, https:\/\/lmg-nevroplasticienne.com\/wp-content\/uploads\/2015\/02\/LMG-Pendus-300x300.jpg 300w\" sizes=\"auto, (max-width: 400px) 100vw, 400px\" \/><\/a>Suite au d\u00e9c\u00e8s par pendaison d\u2019un ami d\u2019adolescence, le 9 mars 2014, LMG a initi\u00e9 une s\u00e9rie de dessins mettant en sc\u00e8ne diff\u00e9rents pendus. Cette s\u00e9rie se composera de 36 cr\u00e9ations \u2013 en \u00e9cho \u00e0 l\u2019\u00e2ge de J.L lors de son d\u00e9c\u00e8s \u2013 et s\u2019appr\u00e9hende comme un rem\u00e8de, un soin, et m\u00eame une \u00ab r\u00e9alit\u00e9 soignante \u00bb selon les termes de l\u2019historien de l\u2019art Maurice Fr\u00e9churet. Con\u00e7us sur des supports contrecoll\u00e9s blancs avec de la poudre de graphite et diff\u00e9rents crayons \u00e0 papier allant du 3H au 6B, ces dessins pr\u00e9sentent des pendus spectraux, signifi\u00e9s par des r\u00e9serves, des ombres ou des contrastes. Dans ce travail s\u00e9riel, l\u2019image du v\u00e9g\u00e9tal est r\u00e9currente, et les arbres repr\u00e9sent\u00e9s, l\u2019\u00e9corce ou la s\u00e8ve, s\u2019appr\u00e9hendent comme les symboles d\u2019un renouveau r\u00e9v\u00e9lant l\u2019\u00e9troite relation entretenue entre la vie et la mort.<\/p>\n<p style=\"text-align: justify;\">Plusieurs dessins de cette s\u00e9rie ont \u00e9t\u00e9 publi\u00e9s dans diff\u00e9rentes revues litt\u00e9raires, notamment dans la revue <a title=\"Le Visage Vert\" href=\"http:\/\/www.levisagevert.com\/\">Le Visage vert<\/a> et dans la revue <a title=\"Quoique\" href=\"http:\/\/quoique.net\/\">Quoique.<\/a><\/p>\n<div class=\"category-thumbnail-list\">\n<div class=\"category-thumbnail-list-item\"><a href=\"https:\/\/lmg-nevroplasticienne.com\/?p=6456\" title=\"Les Pendus #6\"><img loading=\"lazy\" decoding=\"async\" width=\"111\" height=\"150\" src=\"https:\/\/lmg-nevroplasticienne.com\/wp-content\/uploads\/2016\/03\/pendu6-111x150.jpg\" class=\"attachment-thumbnail size-thumbnail wp-post-image\" alt=\"\" srcset=\"https:\/\/lmg-nevroplasticienne.com\/wp-content\/uploads\/2016\/03\/pendu6-111x150.jpg 111w, https:\/\/lmg-nevroplasticienne.com\/wp-content\/uploads\/2016\/03\/pendu6-222x300.jpg 222w, https:\/\/lmg-nevroplasticienne.com\/wp-content\/uploads\/2016\/03\/pendu6-758x1024.jpg 758w, https:\/\/lmg-nevroplasticienne.com\/wp-content\/uploads\/2016\/03\/pendu6.jpg 1181w\" sizes=\"auto, (max-width: 111px) 100vw, 111px\" \/>Les Pendus #6<\/a><\/div>\n<div class=\"category-thumbnail-list-item\"><a href=\"https:\/\/lmg-nevroplasticienne.com\/?p=5702\" title=\"Les Pendus #5\"><img loading=\"lazy\" decoding=\"async\" width=\"115\" height=\"150\" src=\"https:\/\/lmg-nevroplasticienne.com\/wp-content\/uploads\/2015\/02\/LMG-Pendu-5-115x150.jpg\" class=\"attachment-thumbnail size-thumbnail wp-post-image\" alt=\"\" srcset=\"https:\/\/lmg-nevroplasticienne.com\/wp-content\/uploads\/2015\/02\/LMG-Pendu-5-115x150.jpg 115w, https:\/\/lmg-nevroplasticienne.com\/wp-content\/uploads\/2015\/02\/LMG-Pendu-5-230x300.jpg 230w, https:\/\/lmg-nevroplasticienne.com\/wp-content\/uploads\/2015\/02\/LMG-Pendu-5-787x1024.jpg 787w, https:\/\/lmg-nevroplasticienne.com\/wp-content\/uploads\/2015\/02\/LMG-Pendu-5.jpg 1181w\" sizes=\"auto, (max-width: 115px) 100vw, 115px\" \/>Les Pendus #5<\/a><\/div>\n<div class=\"category-thumbnail-list-item\"><a href=\"https:\/\/lmg-nevroplasticienne.com\/?p=5699\" title=\"Les Pendus #4\"><img loading=\"lazy\" decoding=\"async\" width=\"115\" height=\"150\" src=\"https:\/\/lmg-nevroplasticienne.com\/wp-content\/uploads\/2015\/02\/LMG-Pendu-4-115x150.jpg\" class=\"attachment-thumbnail size-thumbnail wp-post-image\" alt=\"\" srcset=\"https:\/\/lmg-nevroplasticienne.com\/wp-content\/uploads\/2015\/02\/LMG-Pendu-4-115x150.jpg 115w, https:\/\/lmg-nevroplasticienne.com\/wp-content\/uploads\/2015\/02\/LMG-Pendu-4-230x300.jpg 230w, https:\/\/lmg-nevroplasticienne.com\/wp-content\/uploads\/2015\/02\/LMG-Pendu-4-787x1024.jpg 787w, https:\/\/lmg-nevroplasticienne.com\/wp-content\/uploads\/2015\/02\/LMG-Pendu-4.jpg 1181w\" sizes=\"auto, (max-width: 115px) 100vw, 115px\" \/>Les Pendus #4<\/a><\/div>\n<div class=\"category-thumbnail-list-item\"><a href=\"https:\/\/lmg-nevroplasticienne.com\/?p=5694\" title=\"Les Pendus #3\"><img loading=\"lazy\" decoding=\"async\" width=\"115\" height=\"150\" src=\"https:\/\/lmg-nevroplasticienne.com\/wp-content\/uploads\/2015\/02\/LMg-Pendu-31-115x150.jpg\" class=\"attachment-thumbnail size-thumbnail wp-post-image\" alt=\"\" srcset=\"https:\/\/lmg-nevroplasticienne.com\/wp-content\/uploads\/2015\/02\/LMg-Pendu-31-115x150.jpg 115w, https:\/\/lmg-nevroplasticienne.com\/wp-content\/uploads\/2015\/02\/LMg-Pendu-31-230x300.jpg 230w, https:\/\/lmg-nevroplasticienne.com\/wp-content\/uploads\/2015\/02\/LMg-Pendu-31-787x1024.jpg 787w, https:\/\/lmg-nevroplasticienne.com\/wp-content\/uploads\/2015\/02\/LMg-Pendu-31.jpg 1181w\" sizes=\"auto, (max-width: 115px) 100vw, 115px\" \/>Les Pendus #3<\/a><\/div>\n<div class=\"category-thumbnail-list-item\"><a href=\"https:\/\/lmg-nevroplasticienne.com\/?p=5689\" title=\"Les Pendus #2\"><img loading=\"lazy\" decoding=\"async\" width=\"115\" height=\"150\" src=\"https:\/\/lmg-nevroplasticienne.com\/wp-content\/uploads\/2015\/02\/LMG-Pendu-2-115x150.jpg\" class=\"attachment-thumbnail size-thumbnail wp-post-image\" alt=\"\" srcset=\"https:\/\/lmg-nevroplasticienne.com\/wp-content\/uploads\/2015\/02\/LMG-Pendu-2-115x150.jpg 115w, https:\/\/lmg-nevroplasticienne.com\/wp-content\/uploads\/2015\/02\/LMG-Pendu-2-230x300.jpg 230w, https:\/\/lmg-nevroplasticienne.com\/wp-content\/uploads\/2015\/02\/LMG-Pendu-2-787x1024.jpg 787w, https:\/\/lmg-nevroplasticienne.com\/wp-content\/uploads\/2015\/02\/LMG-Pendu-2.jpg 1181w\" sizes=\"auto, (max-width: 115px) 100vw, 115px\" \/>Les Pendus #2<\/a><\/div>\n<div class=\"category-thumbnail-list-item\"><a href=\"https:\/\/lmg-nevroplasticienne.com\/?p=5686\" title=\"Les Pendus #1\"><img loading=\"lazy\" decoding=\"async\" width=\"86\" height=\"150\" src=\"https:\/\/lmg-nevroplasticienne.com\/wp-content\/uploads\/2015\/02\/LMG-Pendu-1-86x150.jpg\" class=\"attachment-thumbnail size-thumbnail wp-post-image\" alt=\"\" srcset=\"https:\/\/lmg-nevroplasticienne.com\/wp-content\/uploads\/2015\/02\/LMG-Pendu-1-86x150.jpg 86w, https:\/\/lmg-nevroplasticienne.com\/wp-content\/uploads\/2015\/02\/LMG-Pendu-1-172x300.jpg 172w, https:\/\/lmg-nevroplasticienne.com\/wp-content\/uploads\/2015\/02\/LMG-Pendu-1-588x1024.jpg 588w, https:\/\/lmg-nevroplasticienne.com\/wp-content\/uploads\/2015\/02\/LMG-Pendu-1.jpg 882w\" sizes=\"auto, (max-width: 86px) 100vw, 86px\" \/>Les Pendus #1<\/a><\/div>\n<\/div>\n","protected":false},"excerpt":{"rendered":"<p>Suite au d\u00e9c\u00e8s par pendaison d\u2019un ami d\u2019adolescence, le 9 mars 2014, LMG a initi\u00e9 une s\u00e9rie de dessins mettant en sc\u00e8ne diff\u00e9rents pendus. Cette s\u00e9rie se composera de 36 cr\u00e9ations \u2013 en \u00e9cho \u00e0 l\u2019\u00e2ge de J.L lors de &hellip; <a href=\"https:\/\/lmg-nevroplasticienne.com\/?page_id=5673\">Continuer la lecture <span class=\"meta-nav\">&rarr;<\/span><\/a><\/p>\n","protected":false},"author":1,"featured_media":0,"parent":0,"menu_order":0,"comment_status":"closed","ping_status":"open","template":"","meta":{"footnotes":""},"class_list":["post-5673","page","type-page","status-publish","hentry"],"_links":{"self":[{"href":"https:\/\/lmg-nevroplasticienne.com\/index.php?rest_route=\/wp\/v2\/pages\/5673","targetHints":{"allow":["GET"]}}],"collection":[{"href":"https:\/\/lmg-nevroplasticienne.com\/index.php?rest_route=\/wp\/v2\/pages"}],"about":[{"href":"https:\/\/lmg-nevroplasticienne.com\/index.php?rest_route=\/wp\/v2\/types\/page"}],"author":[{"embeddable":true,"href":"https:\/\/lmg-nevroplasticienne.com\/index.php?rest_route=\/wp\/v2\/users\/1"}],"replies":[{"embeddable":true,"href":"https:\/\/lmg-nevroplasticienne.com\/index.php?rest_route=%2Fwp%2Fv2%2Fcomments&post=5673"}],"version-history":[{"count":11,"href":"https:\/\/lmg-nevroplasticienne.com\/index.php?rest_route=\/wp\/v2\/pages\/5673\/revisions"}],"predecessor-version":[{"id":5709,"href":"https:\/\/lmg-nevroplasticienne.com\/index.php?rest_route=\/wp\/v2\/pages\/5673\/revisions\/5709"}],"wp:attachment":[{"href":"https:\/\/lmg-nevroplasticienne.com\/index.php?rest_route=%2Fwp%2Fv2%2Fmedia&parent=5673"}],"curies":[{"name":"wp","href":"https:\/\/api.w.org\/{rel}","templated":true}]}}